1011110111 (base 2) to base 16.
-6f7
-1100100111100 (base 2) to base 9
-8767
Convert 20202120 (base 3) to base 15.
16d9
What is -34 (base 13) in base 7?
-61
What is 5553 (base 7) in base 9?
2660
What is -b57 (base 13) in base 7?
-5426
Convert 15611 (base 7) to base 15.
1498
3002 (base 4) to base 12
142
What is 1200311 (base 4) in base 14?
2389
What is 297 (base 10) in base 5?
2142
1100110001110 (base 2) to base 15
1e12
What is -301 (base 4) in base 10?
-49
51a (base 11) to base 5
10001
What is 7a58 (base 11) in base 5?
314330
2344 (base 5) to base 3
110221
What is 20101 (base 4) in base 10?
529
What is 211000 (base 3) in base 8?
1122
-5607 (base 11) to base 8
-16334
-43011 (base 7) to base 6
-121133
What is -103a9 (base 11) in base 8?
-35423
Convert 10793 (base 10) to base 7.
43316
Convert 160b (base 12) to base 15.
b88
3431 (base 10) to base 9
4632
-21322 (base 4) to base 14
-334
What is -3023 (base 5) in base 9?
-471
-10204 (base 8) to base 10
-4228
140 (base 14) to base 4
3330
Convert -10381 (base 11) to base 13.
-6b40
What is 10100001 (base 2) in base 14?
b7
Convert 11ab (base 15) to base 12.
2215
-177 (base 14) to base 4
-10231
Convert -1208 (base 9) to base 4.
-32003
Convert -273c (base 13) to base 15.
-1a03
What is -120002 (base 3) in base 8?
-627
Convert -101155 (base 7) to base 5.
-1022424
What is -246 (base 8) in base 16?
-a6
-86b4 (base 14) to base 9
-34843
131 (base 11) to base 10
155
Convert 1225 (base 9) to base 7.
2444
-1061 (base 10) to base 3
-1110022
-211203 (base 4) to base 16
-963
2110201 (base 3) to base 12
1061
-1a350 (base 14) to base 12
-325aa
Convert -1561 (base 7) to base 15.
-2c1
What is -1336 (base 9) in base 16?
-3ed
-32713 (base 10) to base 6
-411241
Convert -40520 (base 6) to base 5.
-133001
330 (base 8) to base 16
d8
What is -3581 (base 9) in base 4?
-221221
-154175 (base 8) to base 3
-2211000122
What is 82c (base 16) in base 12?
1264
What is 1022231 (base 4) in base 2?
1001010101101
Convert 50 (base 9) to base 12.
39
What is 741 (base 8) in base 7?
1255
-40412 (base 6) to base 10
-5336
216a9 (base 11) to base 7
160500
What is -2a8 (base 13) in base 6?
-2112
-7b8 (base 16) to base 4
-132320
Convert 1010111011011 (base 2) to base 8.
12733
What is 17013 (base 8) in base 6?
55335
What is -1681 (base 11) in base 5?
-32041
-106c9 (base 13) to base 6
-345404
-5bc (base 16) to base 12
-a24
What is -94a (base 11) in base 7?
-3222
-1452a (base 12) to base 14
-a4ca
What is 12120 (base 3) in base 2?
10010110
Convert -232321 (base 6) to base 7.
-112201
-1111100101 (base 2) to base 11
-827
Convert -21264 (base 7) to base 6.
-40253
Convert 145664 (base 7) to base 11.
1a429
5491 (base 14) to base 2
11100100100111
Convert -13003110 (base 4) to base 13.
-101bb
Convert -4740 (base 12) to base 6.
-100520
Convert 2098 (base 10) to base 4.
200302
Convert 100211 (base 4) to base 3.
1110022
1322 (base 12) to base 13
cc2
Convert 1111110010001000 (base 2) to base 6.
1215144
What is -2774 (base 12) in base 15?
-1537
Convert -209 (base 14) to base 7.
-1112
3244 (base 7) to base 15
524
Convert -10122 (base 6) to base 4.
-111002
What is -323301 (base 5) in base 2?
-10101101000100
Convert -101011111 (base 2) to base 7.
-1011
Convert -144145 (base 6) to base 12.
-8055
919a (base 11) to base 15
393e
What is 12310111 (base 4) in base 10?
27925
11110111 (base 3) to base 6
23021
What is -234223 (base 6) in base 2?
-100111110100111
What is -764 (base 12) in base 10?
-1084
2101212 (base 4) to base 16
2466
What is 28a5 (base 14) in base 7?
26665
-4b2 (base 15) to base 3
-1110112
What is 430430 (base 5) in base 8?
34232
What is -202202 (base 3) in base 11?
-46a
28a8 (base 15) to base 8
21004
-3d83 (base 14) to base 3
-112221112
-6750 (base 9) to base 14
-1b62
Convert 101000011100101 (base 2) to base 9.
31360
Convert -7a1 (base 14) to base 5.
-22023
-10100001001111 (base 2) to base 15
-30ce
What is 101000110000 (base 2) in base 5?
40413
What is -1455 (base 7) in base 3?
-210110
Convert -110101111 (base 2) to base 11.
-362
What is -10322 (base 4) in base 8?
-472
2203 (base 4) to base 8
243
Convert -153 (base 11) to base 4.
-2303
521 (base 9) to base 4
12220
What is -763 (base 13) in base 5?
-20024
What is 8863 (base 9) in base 2?
1100110001001
What is 32577 (base 8) in base 3?
200210020
What is -240343 (base 6) in base 10?
-20871
-16213 (base 11) to base 8
-54543
11001011001 (base 2) to base 4
121121
What is 157 (base 9) in base 4?
2011
What is d5f (base 16) in base 7?
12660
What is -db70 (base 14) in base 13?
-14355
Convert -94 (base 16) to base 3.
-12111
Convert 32230 (base 4) to base 12.
664
Convert 154 (base 6) to base 5.
240
-1000100001101000 (base 2) to base 10
-34920
-125 (base 12) to base 4
-2231
What is -2010112 (base 3) in base 6?
-11105
-268 (base 12) to base 8
-560
Convert 3205 (base 7) to base 14.
5ac
What is -30a (base 14) in base 12?
-41a
What is 1946 (base 15) in base 13?
2646
10111100010 (base 2) to base 3
2001210
What is 6785 (base 11) in base 13?
40a8
Convert 3638 (base 12) to base 3.
22100122
What is 13766 (base 13) in base 14?
d3b5
-388 (base 12) to base 16
-218
What is -5a6 (base 15) in base 16?
-501
What is 1715 (base 11) in base 8?
4222
Convert 20b (base 13) to base 15.
184
Convert -10010 (base 4) to base 3.
-100122
-197 (base 16) to base 8
-627
What is -73 (base 11) in base 12?
-68
Convert -11100 (base 7) to base 5.
-42133
Convert -1783 (base 14) to base 4.
-1002013
What is 10101011001 (base 2) in base 12?
961
What is -9a40 (base 11) in base 3?
-200011010
-54967 (base 11) to base 5
-10022231
-2140212 (base 5) to base 6
-442552
-1166 (base 11) to base 13
-903
166 (base 14) to base 9
347
Convert 1000110100011 (base 2) to base 7.
16110
-12212 (base 5) to base 15
-422
Convert 2a86 (base 12) to base 9.
6763
What is 426 (base 8) in base 14?
15c
Convert 3593 (base 12) to base 5.
143030
834 (base 14) to base 9
2183
1002313 (base 4) to base 16
10b7
What is 4b9c (base 16) in base 3?
222112220
-20648 (base 11) to base 7
-153432
What is -a01 (base 14) in base 7?
-5501
What is -97b (base 16) in base 10?
-2427
Convert -1552 (base 15) to base 6.
-33105
Convert -512411 (base 6) to base 2.
-1001111100110111
18154 (base 9) to base 12
72b7
-36717 (base 8) to base 11
-10985
Convert -5553 (base 6) to base 15.
-5b3
What is -3ac (base 16) in base 7?
-2512
-330122 (base 4) to base 7
-14162
1000101 (base 3) to base 4
23203
-113313 (base 4) to base 7
-4311
Convert -17 (base 8) to base 16.
-f
Convert 303211 (base 4) to base 9.
4467
Convert -21510 (base 6) to base 15.
-d49
What is -4239 (base 12) in base 6?
-53313
What is 125 (base 13) in base 5?
1300
What is 16d (base 16) in base 6?
1405
Convert 81ac (base 13) to base 11.
12491
8454 (base 9) to base 8
14075
2111002 (base 3) to base 14
935
What is -10101011 (base 2) in base 7?
-333
4332 (base 6) to base 4
33200
1113130 (base 4) to base 2
1010111011100
Convert -1311340 (base 6) to base 9.
-118226
110111210 (base 3) to base 15
2a80
What is 204201 (base 5) in base 10?
6801
What is 861 (base 9) in base 8?
1277
What is 214 (base 12) in base 5?
2204
What is -1034 (base 6) in base 10?
-238
Convert 113200 (base 4) to base 8.
2740
Convert 101100011 (base 2) to base 11.
2a3
What is -106547 (base 9) in base 3?
-10020121121
Convert 22bd (base 14) to base 15.
1bd2
Convert 26032 (base 7) to base 13.
3196
1001000001010 (base 2) to base 12
280a
What is -d (base 15) in base 10?
-13
-11013 (base 6) to base 2
-10111110001
-121210120 (base 3) to base 8
-27726
What is 1010111101001 (base 2) in base 11?
423a
What is 173 (base 10) in base 7?
335
Convert -12cb (base 16) to base 10.
-4811
What is -20a8 (base 12) in base 6?
-24332
Convert -826 (base 10) to base 11.
-691
What is 108b (base 13) in base 6?
14412
10b7 (base 16) to base 8
10267
What is 3133223 (base 5) in base 15?
10778
What is 1a19 (base 16) in base 3?
100011110
What is -2104 (base 8) in base 14?
-580
-1212203 (base 4) to base 11
-4a27
What is -10212221120 (base 3) in base 10?
-76506
15055 (base 12) to base 7
151556
15b (base 14) to base 9
337
Convert -9329 (base 10) to base 15.
-2b6e
-7232 (base 13) to base 3
-210121122
-1110000110 (base 2) to base 15
-402
What is 10111111000111 (base 2) in base 7?
50442
Convert -115150 (base 6) to base 13.
-4860
-3564 (base 7) 